5301
Let p(u) = 3*u**2 + 31*u + 45. What is p(-11)?
67
Let q(u) = 3*u**3 - 227*u**2 - 430*u - 9020. What is q(78)?
28
Let f(q) = q**2 - 202*q + 8331. Calculate f(58).
-21
Let b(h) = -8197*h + 9418. Give b(1).
1221
Let k(q) = -11*q**2 - 1000*q + 17586. Calculate k(-106).
-10
Let k(p) = 17124*p + 51700. Determine k(-3).
328
Let v(z) = -3*z**2 - 966950*z - 1933895. Calculate v(-2).
-7
Let k(x) = -4*x**3 + 4*x**2 - 2*x - 1875. Give k(0).
-1875
Let t(o) = 93853*o - 563114. Give t(6).
4
Let w(f) = -5*f**3 + 470*f**2 - 1847*f - 2. Calculate w(4).
-190
Let f(k) = 29998*k - 449747. What is f(15)?
223
Let k(s) = 1389*s - 20837. Determine k(15).
-2
Let c(z) = -z**3 - 35*z**2 - 181*z - 164. Determine c(-9).
-641
Let m(c) = -2*c**3 - 64*c**2 - 305*c - 1122. Give m(-27).
-177
Let n(l) = 943*l - 375318. What is n(397)?
-947
Let x(a) = -391*a**3 - 8*a**2 - 44*a + 46. Determine x(1).
-397
Let i(j) = -352*j - 1808. Determine i(-6).
304
Let z(q) = 2*q**2 + 413*q + 18894. Calculate z(-69).
-81
Let a(b) = -8406*b - 100903. Give a(-12).
-31
Let g(s) = 2*s**3 + 478*s**2 + 14*s + 3608. Give g(-239).
262
Let q(h) = -60*h**2 + 962*h + 967. Determine q(-1).
-55
Let z(l) = 23*l**3 - 295*l**2 - 103*l + 638. What is z(13)?
-25
Let a(j) = -j**3 + 8*j**2 - 76*j - 406. What is a(-5)?
299
Let t(v) = -123*v**2 - 284*v + 56. Calculate t(-5).
-1599
Let k(q) = 11*q**2 + 2321*q + 26245. Give k(-12).
-23
Let s(o) = -o**3 - 25*o**2 - 214*o - 103. What is s(0)?
-103
Let a(r) = 2*r**3 - 10*r**2 + 43*r - 165. What is a(8)?
563
Let p(d) = -3424*d + 1612757. Calculate p(471).
53
Let n(x) = -9*x**2 + 68*x - 158. Give n(20).
-2398
Let r(q) = 76*q**2 - 177*q + 392. Give r(8).
3840
Let u(b) = 9*b**2 - 210382*b - 210382. What is u(-1)?
9
Let j(n) = 62*n**2 - 268*n - 3186. What is j(-11)?
7264
Let r(c) = -211*c - 3072. Determine r(-14).
-118
Let t(c) = -c**3 + 19*c**2 - 23*c + 118. Give t(18).
28
Let p(n) = 20066*n + 200646. What is p(-10)?
-14
Let p(h) = 216*h + 22276. Give p(-103).
28
Let h(r) = -3*r**2 + 228*r - 6719. Give h(37).
-2390
Let k(n) = 6*n**2 - 91*n + 1483. Determine k(13).
1314
Let y(w) = -w**3 + 87*w**2 - 471*w + 33121. Give y(86).
11
Let x(s) = -s**3 + 82*s**2 - 408*s + 191. Calculate x(77).
-1580
Let h(m) = 14915*m + 268450. What is h(-18)?
-20
Let w(x) = -1065*x + 11520. Calculate w(12).
-1260
Let y(f) = -4*f**2 + 422*f - 4903. Determine y(11).
-745
Let c(q) = 5383*q - 118442. Calculate c(22).
-16
Let t(q) = -2*q**2 + 26540*q - 344728. Give t(13).
-46
Let a(f) = -17070*f - 2287481. Determine a(-134).
-101
Let l(n) = -2*n**2 - 113*n + 1753. Determine l(13).
-54
Let o(f) = -33*f**3 + 593*f**2 - 23*f + 738. Determine o(18).
0
Let x(c) = -4*c**3 - 4*c**2 - 2453*c - 2449. Calculate x(-1).
4
Let z(i) = i**3 - 25*i**2 + 4251*i - 20719. Determine z(5).
36
Let q(t) = -t**2 + 274*t - 4224. What is q(14)?
-584
Let a(p) = 620*p - 577. What is a(2)?
663
Let s(h) = -2*h**3 + 36*h**2 + 154*h - 1576. Give s(20).
-96
Let q(c) = -39*c**2 - 12782*c - 22179. Determine q(-326).
-11
Let p(n) = -27*n**2 - 128*n - 969. Calculate p(-9).
-2004
Let r(f) = 198*f - 422. What is r(3)?
172
Let p(n) = n**2 - 301*n - 121373. Determine p(530).
-3
Let d(h) = 2*h**2 + 197*h + 2740. Calculate d(-83).
167
Let l(g) = -2176*g + 21873. Give l(10).
113
Let k(m) = 2*m**3 + 19246*m**2 - 269845*m + 134. Determine k(14).
8
Let f(t) = 461*t + 162829. Calculate f(-351).
1018
Let a(x) = 2666*x - 2514. Calculate a(2).
2818
Let i(j) = 564820*j + 1694481. What is i(-3)?
21
Let l(j) = 2583*j - 27134. Calculate l(11).
1279
Let x(g) = 89*g**2 - 531*g - 68. Calculate x(6).
-50
Let l(k) = k**3 + 46*k**2 - 1109*k - 53201. Give l(-43).
33
Let k(w) = -17897*w + 662189. Determine k(37).
0
Let j(g) = 27*g**2 - 112*g - 2039. Determine j(11).
-4
Let a(i) = 3*i**3 - 296*i**2 - 5622*i - 1581. Give a(115).
-86
Let t(i) = -5*i**2 + 694*i - 2315. Determine t(131).
2794
Let g(l) = l**3 - 54*l**2 + 88*l - 4741. What is g(54)?
11
Let k(a) = 2981*a - 9090. Determine k(3).
-147
Let l(k) = -2*k**2 - 2866*k - 42535. Give l(-15).
5
Let p(r) = -r**3 - 101*r**2 + 210*r + 467. What is p(-103)?
55
Let w(q) = -3*q**3 + 37*q**2 - 16*q + 554. Calculate w(13).
8
Let w(n) = 7*n**2 - 269*n + 1018. What is w(4)?
54
Let v(c) = -98*c**2 + 1784*c - 297. Calculate v(18).
63
Let a(g) = -1662*g - 4976. Determine a(-3).
10
Let v(c) = -7*c**3 - 3197*c**2 + 853*c - 27893. Calculate v(-457).
-16
Let g(i) = -4*i**3 + 235*i**2 - 99*i - 4350. What is g(58)?
0
Let r(h) = h**3 + 149*h**2 - 152*h - 340. Give r(-150).
-40
Let m(f) = -f**3 + 51*f**2 - 614*f + 195. What is m(30)?
675
Let p(m) = 15*m**2 + 714*m + 153. Give p(-48).
441
Let n(v) = -428*v - 216577. Calculate n(-506).
-9
Let c(p) = 75431*p + 3092679. Determine c(-41).
8
Let p(q) = 2*q**2 - 32905*q + 13. Calculate p(0).
13
Let w(l) = -2*l**2 - 116*l - 1724. Determine w(-14).
-492
Let x(o) = -o**2 + 312*o - 8725. What is x(31)?
-14
Let p(u) = -u**3 + 48*u**2 + 44*u - 2053. Give p(48).
59
Let p(y) = -62*y**2 - 16656*y - 10749. Calculate p(-268).
-29
Let r(a) = 264*a**3 + 534*a**2 + 4*a - 10. Calculate r(-2).
6
Let k(h) = 3*h**3 - 25*h**2 - 44*h + 505. Calculate k(4).
121
Let u(h) = 4*h**2 - 52*h + 255. Determine u(21).
927
Let g(u) = 36*u**2 - 34*u - 5. Determine g(4).
435
Let k(s) = 4*s**3 - 901*s**2 - 687*s + 2076. Determine k(226).
42
Let x(s) = 26561*s + 504752. Calculate x(-19).
93
Let m(f) = 306*f - 75303. Calculate m(266).
6093
Let v(x) = -x**3 + 3911*x**2 + 335580*x + 2. Give v(-84).
2
Let p(n) = -n**2 - 120*n + 9119. What is p(51)?
398
Let r(d) = -8027*d - 955206. Determine r(-119).
7
Let l(u) = 2747*u + 35462. Determine l(-13).
-249
Let n(x) = 240429*x - 1442566. Determine n(6).
8
Let z(t) = t**2 + 12*t - 288. What is z(12)?
0
Let z(q) = 10*q**2 - 146*q + 970. Calculate z(6).
454
Let t(i) = 2314*i + 307754. Calculate t(-133).
-8
Let s(v) = 74*v - 5676. Give s(76).
-52
Let i(x) = 15*x**2 + 630*x - 66. What is i(-41)?
-681
Let o(z) = -45*z**2 + 354*z + 44. Give o(9).
-415
Let z(q) = 2*q**2 - 270*q + 4154. Determine z(117).
-58
Let n(b) = -2*b**3 - 38*b**2 - 451*b - 7858. What is n(-18)?
-388
Let k(o) = 12*o**3 - 508*o**2 + 188*o - 160. What is k(42)?
680
Let o(g) = -3*g**3 + 4*g**2 - 1384*g + 2764. What is o(2)?
-12
Let c(v) = 6*v**2 + 250*v - 2355. Determine c(8).
29
Let i(a) = 298*a - 6802. What is i(23)?
52
Let s(l) = -39*l**2 + 6476*l - 342. What is s(166)?
-10
Let j(o) = -444129*o + 1332467. Calculate j(3).
80
Let w(l) = 21*l**2 - 1818*l + 7297. Calculate w(4).
361
Let y(z) = -164*z**2 - 10341*z - 538. Give y(-63).
29
Let j(q) = 3*q**3 + 257*q**2 + 2400*q - 17. Determine j(-75).
-17
Let u(c) = 2*c**3 + 788*c**2 - 1579*c + 1750. Calculate u(-396).
-230
Let p(b) = 296*b**2 + 395*b + 398. Give p(-1).
299
Let q(m) = -905*m + 9933. Give q(10).
883
Let d(t) = 182*t**2 + 150*t + 757. Determine d(-7).
8625
Let l(s) = -s**2 + 100745*s + 59991508. Determine l(-592).
4
Let f(x) = -3*x**3 - 98*x**2 - 175*x - 625. Give f(-31).
-5
Let u(i) = -261*i + 73605. Give u(282).
3
Let q(s) = s**3 + 18*s**2 + 1223*s + 134351. Determine q(-49).
-7
Let w(u) = -1215*u - 551607. Give w(-454).
3
Let a(i) = 37*i - 16902. Determine a(466).
340
Let c(t) = -5*t**3 - 141*t**2 - 65*t - 807. Give c(-28).
229
Let n(u) = -39*u**3 + 14*u**2 - 73*u + 76. What is n(4)?
-2488
Let p(z) = 19166*z - 76793. What is p(4)?
-129
Let i(y) = 440*y - 10576. Calculate i(26).
864
Let x(l) = -473*l - 28485. What is x(-61)?
368
Let d(t) = -2868*t**2 - 467486*t - 324. Calculate d(-163).
2
Let l(p) = p**2 - 135*p + 4330. Determine l(59).
-154
Let d(l) = l**2 - 11*l - 205. What is d(-11)?
37
Let z(r) = 2*r**2 + 4484*r + 329318. Give z(-76).
86
Let w(k) = 97*k + 11055. Calculate w(-114).
-3
Let q(s) = -4597*s - 303447. Calculate q(-66).
-45
Let l(m) = -2*m**3 + 122*m**2 + 379*m + 160. Calculate l(64).
-160
Let x(k) = 40*k**2 - 877*k + 2257. Give x(19).
34
Let p(m) = -4*m**2 - 13*m + 51. Determine p(-9).
-156
Let y(h) = -45*h**3 + 322*h**2 - h - 223. What is y(7)?
113
Let h(z) = 5346*z - 85497. What is h(16)?
39
Let s(q) = -12930*q - 1565. Give s(0).
-1565
Let v(y) = -545*y**2 + 11445*y - 201. Give v(21).
-201
Let a(j) = -2750*j - 22008. What is a(-8)?
-8
Let t(o) = -4*o**2 + 222*o - 876. What is t(53)?
-346
Let d(t) = -t**3 - 83*t**2 + 546*t - 67410. Calculate d(